 12 + 183. Let m = p + -32. Suppose 3*x - 12 - m = 0. What is the units digit of x?
5
Suppose -2*b + 5*j - 1 = -14, 4*b = -4*j + 12. Let x = -7 + b. Let f = 62 + x. What is the units digit of f?
9
Let t(l) be the third derivative of -l**5/60 + 5*l**4/12 + 13*l**3/6 + 17*l**2. Let n be (-1*11)/(2/(-2)). What is the units digit of t(n)?
2
What is the tens digit of 12/8 + 2386/4?
9
Suppose -6443 = -6*l + 1483. What is the units digit of l?
1
Let l = 333 - -145. Suppose -4*f - 207 + 697 = -3*y, 4*f + 3*y = l. What is the units digit of f?
1
Let i(s) = -4*s + 2. Let t be i(-1). Let o = t - -16. Let d = o - 18. What is the units digit of d?
4
Suppose -d + 13 = -7. Suppose -2*b = -6*a + 4*a, -5*a + d = 0. Suppose -b*o + 9*o - 13 = -3*r, 0 = 2*r - 4*o - 38. What is the units digit of r?
1
Let t be (2 - 5) + 12/2. Suppose -108 = -4*l - w - 3*w, 0 = -t*l + w + 65. Let h = l + -12. What is the tens digit of h?
1
Suppose 0*o + 28 = 4*o. Let i = -3 + o. Suppose 0 = p + i, 3*p = -3*k + 60 - 6. What is the tens digit of k?
2
Let q(v) = 337*v**2 + 43*v - 43. What is the units digit of q(1)?
7
Let s = -188 + 19. Let r = s + 241. What is the units digit of r?
2
Let c(u) = -15*u - 35. Let f be c(-27). Suppose 3*s - 322 = 5*b, -105 = -5*s - 4*b + f. What is the units digit of s?
9
Let r(t) = -5*t**2 + 21*t + 21. Let b(c) = -c**2 + c + 1. Let a(o) = 6*b(o) - r(o). What is the tens digit of a(-10)?
3
Let u(j) = j**3 + 4*j**2 - 7*j - 6. Let a be u(-5). Let c = -490 - -688. Suppose -a*l + c = 6. What is the units digit of l?
8
Let m(u) = 138*u - 53. What is the tens digit of m(6)?
7
Suppose 0 = 14*k - 15*k + 1058. Suppose -k = -6*m - 260. What is the hundreds digit of m?
1
Suppose 18*t = 32*t - 4494. What is the units digit of t?
1
Suppose 3*q + 6 = 0, -3*d + q = 2*d - 15072. What is the tens digit of d?
1
Let y = 1781 - -83. What is the hundreds digit of y?
8
Let v(o) = -17*o - 12. Let w(h) = -3*h - 53. Let d be w(-16). What is the units digit of v(d)?
3
Suppose 5*s + 5*g = 3510, -3*s + 1087 = -2*g - 1019. What is the hundreds digit of s?
7
Let d(v) = -3*v**3 + v**2 - 1. Let m be d(-4). Let y be m*(-4)/48*-4. Suppose y = 3*z + 21. What is the units digit of z?
6
Let w = 7 + -5. Let g be w/((-1)/(18/4)). Let q = -3 - g. What is the units digit of q?
6
Let r = -27 - -45. Let o = r - 18. Suppose 20 = 3*a + 2*m - 43, 2*a + m - 41 = o. What is the tens digit of a?
1
Let k = 386 - -50. Suppose 22*d = 26*d - k. What is the hundreds digit of d?
1
Let i = -34 + 34. Let k(c) = c**2 + 224. What is the units digit of k(i)?
4
Let k = -25 + 28. Suppose -b = -4*d + 17, 0*d + d = k*b + 18. What is the units digit of d?
3
Suppose -1556 - 19179 = -11*i. What is the units digit of i?
5
Let p(n) = 58*n - 22. Let u be p(11). Suppose -5*j + u + 79 = 0. What is the units digit of j?
9
Suppose 2*z + 17*z = 15295. What is the tens digit of z?
0
Let o(p) be the third derivative of -p**4/24 - p**3/3 + 162*p**2. Suppose 0 = -2*k + k - 5. What is the units digit of o(k)?
3
Let j(f) = f**2 + 3*f + 5. Let b be j(-2). Let c(r) = -3*r**2 + 7*r**2 - 2*r**3 + 0*r**b - 1 + 2*r. What is the tens digit of c(-2)?
2
Let i = -26 + 35. Suppose -i*j + 396 = -3*j. What is the units digit of (-2*j)/(-4) - -2?
5
Suppose 4*q - 2*f = 4846, 3*q - q - 2408 = -2*f. What is the tens digit of q?
0
Let m(i) = -i**2 - 12*i - 2. Let f be m(-10). Let g = 47 - 28. Let r = g - f. What is the units digit of r?
1
What is the hundreds digit of 4316*(-7)/(-140) - 1/(-5)?
2
Let y be 108/26 + (-2)/13. Suppose 0 = y*k - 108 - 116. What is the units digit of k?
6
Let i be (426/(-9))/((-10)/15). Let o(f) = -5*f**3 + 2*f. Let y be o(2). Let h = i + y. What is the units digit of h?
5
Let u = 795 + 509. What is the hundreds digit of u?
3
Let g(i) = 30*i - 8. Suppose 5*r = 3*r + 10. Let h be g(r). Suppose 0 = -4*l + 12, p + 4*p = l + h. What is the units digit of p?
9
Let v be 5/(-1) + 3/1. What is the units digit of 7/(28/104) - v?
8
Suppose 3*r = 3*t - 17 - 1, -3*t = -4*r - 21. Suppose -3*s + 4*z + 4 = -s, -4*z = -t*s + 12. What is the units digit of s?
8
Let u(b) = 46*b - 87. What is the hundreds digit of u(8)?
2
What is the hundreds digit of 125/(-4)*(-1 + 0 - 7)?
2
Let l be (-4)/(-14) + (-55)/(-77). Let v be (4/6)/(l/12). Suppose -13*i = -v*i - 120. What is the units digit of i?
4
Let y(s) = s**3 - 1 - s + 4*s**2 - 5*s**2 - 1 + 0*s. Let h be y(5). Suppose 5*q + h = 3*w + w, -2*w + 4*q + 54 = 0. What is the tens digit of w?
1
Let g = 12 - 5. Let h(l) = -l**3 + 11*l**2 + 5*l - 10. Let x be h(g). Suppose 5 = 8*m - 3*m, -5*t + 4*m + x = 0. What is the units digit of t?
5
Let a(q) = -71*q - 11. Let z be a(-4). What is the tens digit of 17/(-17) - -1*z?
7
What is the hundreds digit of (6/(-4))/((-5)/8720*6)?
4
Let r = 3912 + -2498. What is the hundreds digit of r?
4
Let p = 77 + -51. Let f = 3 + p. What is the tens digit of f?
2
Let k(s) = 2*s**2 - 12*s + 8. Let j be k(8). Suppose -j = -3*c - 4. Suppose 25*q - 26*q + c = 0. What is the units digit of q?
2
Let m(b) = b**3 - 6*b**2 + 7*b + 2. Let f(d) = -d. Let z be f(-5). Let v be m(z). Let a(o) = o**2 - 10*o + 3. What is the units digit of a(v)?
7
What is the hundreds digit of 25032/18*60/80?
0
Let p = 1000 + -255. What is the tens digit of p?
4
Let v = -586 + 2878. What is the thousands digit of v?
2
Let r be 7 + (4/2)/(-2). Let j(o) = -2*o + 3*o + r*o + 2 - 3*o. What is the tens digit of j(3)?
1
Let k = -30 - -85. Suppose -2*i - k = -7*i. What is the units digit of i?
1
Suppose 0 = 4*i - i - 4*j - 2224, 0 = 2*j - 4. What is the units digit of i?
4
Suppose 0 = i + n + 4, -5*n - 2 = 2*i - 0*n. Suppose -l - 4*t = -4*l - 382, -114 = l - 4*t. What is the units digit of l/i + 10/15?
3
Let g be (-216)/(-45)*(-100)/(-6). Suppose -g = s - 3*s. What is the tens digit of s?
4
What is the units digit of ((-5022)/310)/((-3)/50)?
0
Let q(p) = 7*p**2 + 4*p - 9. Let f be q(4). Let y = f + -2. What is the tens digit of y?
1
Let q(o) = -o + 684. What is the tens digit of q(0)?
8
Let r(y) = 3*y**2 + 2*y + 792. What is the tens digit of r(0)?
9
Suppose -4*c = -4*r + 4, 5*r - 2 - 3 = 4*c. Let h be (c - 5*-9) + 1. Let t = h - -26. What is the units digit of t?
2
Let z = 488 + -97. What is the hundreds digit of z?
3
Suppose 9*o - 9 = 9. What is the units digit of 4/o*((-138)/(-4) - 5)?
9
Let u = -88 + 652. What is the tens digit of u?
6
Suppose 0*b = -8*b - 2672. Let j = b + 536. What is the tens digit of j?
0
Suppose -65*c + 79*c = 12922. What is the units digit of c?
3
Suppose 0 = -5*u + 4*h + 12, 2*u - 3*u + 3*h - 2 = 0. Let v(g) = 14*g + 19. What is the units digit of v(u)?
5
Let d(h) = -h**2 - 24*h - 11. Let u be d(-23). Let q = -8 + u. What is the units digit of q?
4
Suppose 10*c + 5*o = 15*c - 75, 2*c - 34 = o. Suppose d + 16 = 2*d - 4*b, 2*b + 14 = d. Let u = c - d. What is the units digit of u?
7
Let x(c) = 6*c + 195. Let g(i) = i + 28. Let y(q) = 27*g(q) - 4*x(q). What is the units digit of y(9)?
3
Let c = 1098 - 617. What is the units digit of c?
1
Let n = 492 - -1561. What is the thousands digit of n?
2
Suppose 0 = -5*a - 4*g + 55, 4*a + 2*g - 12 = 26. Suppose u - a = -5. What is the units digit of 2 - (u + 72)/(-2)?
9
Suppose -3*r = -x + 12, -4*x = -2*r - 3*x - 9. What is the tens digit of (88 - -2) + r + 5?
9
Let p be (9/(-2))/(3/(-16)). Let c = p - 26. What is the units digit of 38 - (-2 - (-3 - c))?
9
Suppose -6 = -6*z + 474. What is the units digit of z/28 + 1/7?
3
Let a be ((-1650)/125)/((-6)/20). Suppose 0 = -2*f + 58 + a. What is the tens digit of f?
5
Suppose 3*x = -3*c + 6504, 161*c = 3*x + 159*c - 6489. What is the tens digit of x?
6
Suppose -3*d = y - 726, 2*y - 1450 = 13*d - 18*d. What is the units digit of y?
0
Suppose 6 = h + 7. Let t = h + 6. Suppose -4*j + t + 51 = 0. What is the units digit of j?
4
Let a = 281 - -1239. What is the units digit of a?
0
What is the units digit of -1*4/8*(-2 - 1060)?
1
Suppose -2*z - 200 = -7*z. Let j = -24 + z. Suppose 0 = 2*w + 10 - j. What is the units digit of w?
3
Let y(k) = -140*k**2 - 13*k + 8. Let n(i) = -35*i**2 - 3*i + 2. Let s(x) = -9*n(x) + 2*y(x). What is the tens digit of s(2)?
4
Suppose 0 = 9*z - 12*z + 645. Let v = z + -59. What is the tens digit of v?
5
Suppose -b = 2*b + 570. Let m = -95 - b. Suppose o - 2*d + m = 4*o, -d = 5*